 a factor of 276?
False
Is 68 a factor of 15164?
True
Does 8 divide 2884?
False
Is 4 a factor of 69?
False
Is 6711 a multiple of 12?
False
Is 15 a factor of 788?
False
Is 167 a factor of 2004?
True
Does 85 divide 7650?
True
Is 27 a factor of 28?
False
Is 7 a factor of 59?
False
Is 19 a factor of 21462?
False
Does 42 divide 52550?
False
Is 76 a factor of 152?
True
Does 20 divide 540?
True
Is 111 a factor of 2220?
True
Is 2910 a multiple of 10?
True
Is 5094 a multiple of 153?
False
Is 6 a factor of 3000?
True
Is 33 a factor of 1498?
False
Is 13 a factor of 7059?
True
Does 24 divide 144?
True
Does 9 divide 666?
True
Is 30880 a multiple of 40?
True
Does 59 divide 3802?
False
Does 22 divide 11943?
False
Does 5 divide 4052?
False
Is 310 a factor of 116313?
False
Is 1567 a multiple of 14?
False
Is 9 a factor of 610?
False
Does 20 divide 1040?
True
Does 11 divide 27907?
True
Does 21 divide 24116?
False
Is 181 a multiple of 4?
False
Is 4876 a multiple of 106?
True
Is 23 a factor of 138?
True
Does 11 divide 257?
False
Does 22 divide 308?
True
Is 396 a factor of 65101?
False
Is 20 a factor of 13466?
False
Is 55 a multiple of 31?
False
Is 5612 a multiple of 72?
False
Is 6 a factor of 24072?
True
Is 413 a multiple of 69?
False
Is 1062 a multiple of 57?
False
Does 17 divide 149?
False
Is 3533 a multiple of 5?
False
Is 10930 a multiple of 5?
True
Is 67 a factor of 2345?
True
Is 30 a factor of 5214?
False
Does 24 divide 1296?
True
Is 37 a factor of 231?
False
Is 64488 a multiple of 13?
False
Is 98 a factor of 49470?
False
Is 4574 a multiple of 13?
False
Is 31 a factor of 12631?
False
Is 114 a factor of 28119?
False
Is 50 a factor of 25900?
True
Is 4 a factor of 38024?
True
Is 9 a factor of 1693?
False
Is 7 a factor of 503?
False
Does 37 divide 1073?
True
Is 4 a factor of 64?
True
Does 6 divide 289?
False
Is 7080 a multiple of 120?
True
Is 686 a multiple of 7?
True
Is 5 a factor of 1245?
True
Is 8409 a multiple of 114?
False
Is 18 a factor of 341?
False
Does 52 divide 1612?
True
Is 6300 a multiple of 5?
True
Is 1678 a multiple of 13?
False
Is 826 a multiple of 5?
False
Is 2657 a multiple of 2?
False
Does 19 divide 10357?
False
Does 75 divide 581?
False
Is 1102 a multiple of 29?
True
Is 385 a multiple of 7?
True
Is 306 a factor of 24994?
False
Is 3612 a multiple of 43?
True
Does 148 divide 1361?
False
Does 30 divide 2202?
False
Is 629 a multiple of 2?
False
Is 2151 a multiple of 100?
False
Is 12 a factor of 174191?
False
Does 23 divide 5771?
False
Is 2703 a multiple of 51?
True
Does 12 divide 1058?
False
Is 15 a factor of 760?
False
Does 22 divide 18727?
False
Is 477 a multiple of 2?
False
Is 58 a factor of 39382?
True
Does 116 divide 3132?
True
Is 7 a factor of 2132?
False
Is 14 a factor of 82707?
False
Is 1080 a multiple of 90?
True
Does 32 divide 96?
True
Is 65 a factor of 1170?
True
Is 10 a factor of 669?
False
Is 23 a factor of 1633?
True
Does 75 divide 6375?
True
Does 39 divide 164?
False
Is 5763 a multiple of 17?
True
Is 5 a factor of 1009?
False
Is 24 a factor of 792?
True
Is 13 a factor of 5205?
False
Does 3 divide 472?
False
Is 5 a factor of 2235?
True
Is 67 a factor of 2714?
False
Does 93 divide 136?
False
Is 4040 a multiple of 10?
True
Is 3 a factor of 213?
True
Is 118 a factor of 44733?
False
Is 18 a factor of 115?
False
Does 71 divide 1136?
True
Is 358 a multiple of 3?
False
Does 9 divide 558?
True
Is 13 a factor of 40183?
True
Does 18 divide 7020?
True
Does 67 divide 3216?
True
Does 18 divide 1692?
True
Does 11 divide 1349?
False
Is 7 a factor of 3420?
False
Is 9 a factor of 1665?
True
Is 190 a factor of 41800?
True
Does 6 divide 2442?
True
Does 16 divide 127?
False
Is 79 a factor of 766?
False
Is 24 a multiple of 12?
True
Is 57155 a multiple of 18?
False
Is 3566 a multiple of 2?
True
Does 37 divide 3889?
False
Is 11565 a multiple of 45?
True
Is 125 a factor of 2213?
False
Is 1550 a multiple of 50?
True
Does 55 divide 8788?
False
Does 17 divide 807?
False
Does 5 divide 1420?
True
Is 29 a factor of 23258?
True
Is 1376 a multiple of 32?
True
Is 39 a factor of 281?
False
Is 10 a factor of 1780?
True
Is 1645 a multiple of 7?
True
Is 19 a factor of 57?
True
Is 165 a multiple of 11?
True
Is 59 a factor of 29500?
True
Is 22400 a multiple of 160?
True
Does 20 divide 2538?
False
Does 29 divide 742?
False
Does 8 divide 168?
True
Does 17 divide 36052?
False
Is 5 a factor of 470?
True
Does 12 divide 1370?
False
Is 45 a factor of 1530?
True
Is 55 a multiple of 23?
False
Is 76 a factor of 397?
False
Is 83157 a multiple of 53?
True
Is 1104 a multiple of 14?
False
Is 186 a factor of 122035?
False
Is 4640 a multiple of 58?
True
Is 6264 a multiple of 72?
True
Is 1524 a multiple of 127?
True
Does 77 divide 924?
True
Does 40 divide 3659?
False
Is 1809 a multiple of 9?
True
Does 40 divide 800?
True
Is 20202 a multiple of 259?
True
Does 9 divide 3942?
True
Is 115 a factor of 66918?
False
Is 497 a multiple of 7?
True
Does 89 divide 2540?
False
Is 693 a multiple of 33?
True
Is 280 a multiple of 7?
True
Does 10 divide 38116?
False
Does 29 divide 25458?
False
Is 15 a factor of 6792?
False
Is 7 a factor of 236?
False
Is 985 a multiple of 5?
True
Is 56 a multiple of 13?
False
Is 2621 a multiple of 17?
False
Is 654 a multiple of 13?
False
Does 32 divide 293?
False
Is 971 a multiple of 45?
False
Is 794 a multiple of 13?
False
Is 12 a factor of 80?
False
Does 14 divide 4905?
False
Is 5933 a multiple of 65?
False
Is 160 a multiple of 14?
False
Does 11 divide 1732?
False
Does 16 divide 256?
True
Does 32 divide 4642?
False
Is 53 a factor of 893?
False
Is 3068 a multiple of 14?
False
Is 26445 a multiple of 129?
True
Is 5304 a multiple of 12?
True
Is 25872 a multiple of 11?
True
Is 134 a factor of 5360?
True
Does 30 divide 180?
True
Is 25 a factor of 1430?
False
Is 3009 a multiple of 51?
True
Does 33 divide 2176?
False
Is 14 a factor of 1996?
False
Is 14040 a multiple of 90?
True
Is 86 a multiple of 3?
False
Is 42 a factor of 2255?
False
Is 27168 a multiple of 283?
True
Is 5 a factor of 275?
True
Is 508 a multiple of 7?
False
Is 3363 a multiple of 59?
True
Is 12 a factor of 2880?
True
Is 10 a factor of 280?
True
Is 1800 a multiple of 120?
True
Is 1917 a multiple of 24?
False
Is 69406 a multiple of 103?
False
Is 417 a multiple of 27?
False
Is 66 a factor of 1315?
False
Does 34 divide 8024?
True
Is 335 a multiple of 7?
False
Does 14 divide 238?
True
Is 49256 a multiple of 262?
True
Does 57 divide 1197?
True
Does 12 divide 21228?
True
Is 1399 a multiple of 16?
False
Does 34 divide 9758?
True
Is 40 a factor of 16400?
True
Does 136 divide 6719?
False
Is 18 a factor of 344?
False
Does 12 divide 1695?
False
Is 6 a factor of 31692?
True
Does 95 divide 1823?
False
Is 65 a factor of 21954?
False
Is 6324 a multiple of 34?
True
Is 110 a multiple of 20?
False
Is 1656 a multiple of 18?
True
Is 17 a factor of 874?
False
Is 150 a factor of 30000?
True
Does 10 divide 247?
False
Is 26 a factor of 18070?
True
Is 8298 a multiple of 9?
True
Is 7 a factor of 1645?
True
Is 8 a factor of 3608?
True
Is 2 a factor of 5193?
False
Is 14657 a multiple of 28?
False
Is 46 a factor of 15410?
True
Does 50 divide 55093?
False
Does 24 divide 2981?
False
Is 1012 a multiple of 23?
True
Is 27 a factor of 41310?
True
Does 6 divide 1775?
False
Is 18 a factor of 1420?
False
Is 433 a multiple of 6?
False
Is 85 a factor of 299?
False
Is 9 a factor of 765?
True
Is 10 a factor of 920?
True
Is 169 a multiple of 4?
False
Is 12 a factor of 1512?
True
Is 88 a multiple of 15?
False
Does 68 divide 378?
False
Is 2197 a multiple of 169?
True
Is 9 a factor of 1675?
False
Does 14 divide 464?
False
Is 23 a factor of 8200?
False
Is 262 a factor of 74054?
False
Is 1773 a multiple of 19?
False
Does 48 divide 336?
True
Is 2101 a multiple of 2?
False
Is 281 a factor of 13752?
False
Is 15 a factor of 3045?
True
Is 19 a factor of 34942?
False
Does 8 divide 252?
False
Does 3 divide 240?
True
Is 16962 a multiple of 22?
True
Is 6 a factor of 1684?
False
Is 22 a factor of 4304?
False
Does 4 divide 468?
True
Is 672 a multiple of 14?
True
Does 34 divide 17383?
False
Does 105 divide 6615?
True
Is 3202 a multiple of 26?
False
Is 198 a multiple of 29?
False
Is 97 even?
False
Is 56 a factor of 2352?
True
Does 32 divide 416?
True
Is 40 a factor of 2